 Suppose f = 15*r - r. What is the greatest common factor of r and 28?
7
Suppose 0 = -a - a + 4*a - 4304. What is the greatest common divisor of a and 40?
8
Suppose b - c + 29 = 0, 4*b = -5*c - 0*c - 143. Let v = -29 - b. Let s = 33 + v. What is the greatest common divisor of 12 and s?
12
Let n(j) = -38*j - 1979. Let s be n(-53). Calculate the highest common divisor of s and 6055.
35
Let x(u) be the first derivative of 5*u**2/2 - 12*u + 41. Let m be x(2). Let n be (-150)/((-12)/m)*(-8)/5. What is the highest common factor of 8 and n?
8
Suppose -6*a + 4245 - 1443 = 0. Suppose -a = -16*p + 269. Calculate the greatest common factor of 6 and p.
2
Let z be 20/28 - (-58448)/728. Let q = 20 - 2. Calculate the greatest common divisor of z and q.
9
Suppose d = 3*m - 1125, -m + d = -222 - 155. Suppose 0 = -34*v + 7*v + 594. Calculate the greatest common factor of m and v.
22
Let s(u) = -119*u - 7374. Let k be s(-64). What is the greatest common factor of 25410 and k?
242
Suppose -25 - 25 = -5*q. Let s = 86 + -94. Let a be (-27 + (-3)/1)*s/q. What is the highest common factor of 32 and a?
8
Let n(f) = f**3 - f**2 + 6*f - 13. Suppose -4*o + 2*o + 2 = 0, -2*k + 5*o = -5. Let g be n(k). What is the highest common factor of 273 and g?
39
Suppose 4*o + 11*s = 14*s + 1377, 0 = 4*o - 2*s - 1374. Suppose 6 = -4*q + 158. What is the highest common divisor of q and o?
38
Suppose 2*u - 6*u - 2*f = -3130, 4*f = 3*u - 2320. Calculate the highest common divisor of 15 and u.
15
Suppose -2*c + 2*w + 3050 = 0, -7*w = 4*c - 4*w - 6065. Calculate the greatest common factor of 260 and c.
20
Let z = -105 - -98. Let t(i) = 2*i**2 + 2*i - 15. Let s be t(z). Let n = 83 - s. Calculate the highest common factor of 182 and n.
14
Let s = -7011 - -7596. What is the greatest common factor of 702 and s?
117
Let z = -30184 - -30238. What is the greatest common divisor of 1719 and z?
9
Suppose 4*h + 5*q = 27, 18 = 4*h + 3*q - 3. Let v = -116 - -119. Suppose 6 = v*y - n, y + n - 7 = 3*n. Calculate the highest common factor of h and y.
1
Let n be (-1 - -3) + -2 + 9. Suppose -705 = -17*r + n. What is the greatest common factor of 70 and r?
14
Let w(p) = -3*p**2 - 189*p - 45. Let c be w(-62). What is the highest common divisor of 1786 and c?
47
Let u(c) = -178*c - 1659. Let t be u(-11). Calculate the greatest common factor of 46 and t.
23
Let h = -32 - -7. Let i = 35 + h. Suppose m = 5*r - 451, 5*m + 95 = 3*r - 2*r. What is the greatest common divisor of i and r?
10
Let i = 9 - 5. Suppose -2*j + 356 = -i*j. Let x = -34 - j. Calculate the highest common divisor of x and 36.
36
Let o = 18 + -5. Let d = -2338 + 3859. Let c = 1547 - d. What is the highest common factor of o and c?
13
Let g = 681 + -1803. Let a be (-1 + 4 - 4)*g. What is the highest common divisor of 11 and a?
11
Let j = -27331 + 27412. What is the highest common divisor of 5778 and j?
27
Suppose 0 = 5*u - 3*f + 561, 0 = -7*f + 4*f - 9. Let c be 190/u + 1 + 40/6. Calculate the highest common divisor of c and 13.
1
Suppose 6*h - 4*h + 3*x = 89, -5*x + 15 = 0. Suppose t - 5 = 0, -385 = k - 6*k + 3*t. What is the greatest common factor of k and h?
40
Suppose 5*u + 17 - 107 = 0. Let w be (-36306)/(-63) + 0 + 20/(-70). What is the greatest common divisor of w and u?
18
Let d(n) = -263*n - 12386. Let p be d(-50). Calculate the highest common factor of p and 1.
1
Let i(u) = 26*u - 507. Let a be i(29). Calculate the greatest common divisor of a and 456.
19
Suppose 4*s - 3123 = -3*l, -81*l + 84*l - 783 = -s. Calculate the highest common factor of 270 and s.
30
Suppose -5*d - 3*a + 78 = 0, -95*d - 4*a = -93*d - 48. Calculate the highest common divisor of d and 4542.
6
Let a = 95309 - 95297. Let n = 278 - 166. Calculate the highest common factor of a and n.
4
Suppose -3*w = -2*g - 645, -622*g = w - 620*g - 231. What is the highest common factor of w and 99?
3
Let l = -15968 - -35993. What is the greatest common factor of 18 and l?
9
Let m = 913 - 905. What is the greatest common divisor of 108 and m?
4
Let q = 6891 + -6883. Calculate the highest common factor of q and 52.
4
Let o(i) = i**2 + 2. Let d be o(4). Let z = -2289 + 2328. Let q = z - d. What is the highest common factor of q and 231?
21
Let u be -10*((-14)/(-28) + -4). What is the greatest common divisor of u and 2373?
7
Let i(s) = 27*s + 6*s**3 - 5 + 18*s**2 - 2*s**2 - 4*s**3 - 11 - 4*s**3. Let w be i(9). Calculate the highest common divisor of 5 and w.
5
Let h = 88 + -88. Suppose h = -12*r + 152 + 208. Let n be (138/(-115))/((-4)/r). Calculate the greatest common divisor of n and 36.
9
Let y = -367 + 444. Suppose y*a - 68 = 75*a. Let f(x) = 12*x**3 - 4*x**2 + 2*x + 1. Let u be f(2). Calculate the greatest common factor of a and u.
17
Let v be 0 - -2 - (-9)/3. Let d(o) = 9 + 20*o - 2 - 72 + 10*o. Let k be d(v). Calculate the highest common factor of k and 34.
17
Let i be (-5)/(-1)*70 + -5. Let f = 158 - 112. Calculate the greatest common divisor of i and f.
23
Suppose 3*w - 1524 = -3*d, 5*d - 4*w + 7*w = 2532. Suppose 7*h - 1845 = -333. Calculate the highest common factor of d and h.
72
Let q = -10 + 38. Suppose -10*l + 1318 + 2034 = 272. What is the greatest common divisor of q and l?
28
Let c be (-9 + -54)/(-9) - -11. Let i = 11 - 18. Let d be 21*2 + (-21)/i. Calculate the highest common divisor of c and d.
9
Let m = -43 + 15. Let o be (-3)/(-2)*m/(-6). Suppose -6*h + o = -2*h - n, 3*h + n = 0. What is the highest common divisor of 1 and h?
1
Suppose -12*z + 4*s + 98 = -646, -z - 3*s + 42 = 0. What is the highest common divisor of z and 135?
15
Let a be 2/((-4)/(-78)*3). Suppose 2*u + 5*d - 7498 = 0, -u - 5*d = -2*u + 3734. Suppose 25*o = -7*o + u. Calculate the greatest common divisor of a and o.
13
Suppose -3*w + 25 = t, 0 = 3*w - 0*w + 4*t - 28. Suppose -w*v + 3*v + 125 = 0. Calculate the highest common factor of v and 5.
5
Let v be (-2)/(-7) - (-12894)/147. What is the highest common divisor of 2024 and v?
88
Let d(u) = -25*u + 6. Let c be d(8). Let p = 299 + c. Let x be 6/(-2) - (-11)/(22/36). What is the greatest common divisor of p and x?
15
Let d(q) = -q**3 - 46*q**2 + 142*q - 198. Let u be d(-49). What is the greatest common divisor of 39 and u?
1
Suppose -240 = 128*r - 138*r. Let z = 5 - 5. Suppose -3*x - f + 25 = z, 3*x + 2*f = -x + 34. What is the highest common divisor of r and x?
8
Let q be (-2 + 44/30)/((-824)/(-120) + -7). Let c = 155 - 103. Calculate the highest common factor of c and q.
4
Suppose -521*s + 516*s = -180. Suppose -n + 3701 = 4*g + 970, -699 = -g + 3*n. What is the highest common divisor of g and s?
36
Let m = 8252 - 8207. Calculate the highest common factor of m and 80.
5
Suppose -3*g - 2*l + 46 = -l, -74 = -5*g - l. Let k = -11 + g. Suppose -5*s - 20 = 0, 295 = k*n - 2*s + 95. Calculate the greatest common factor of n and 8.
8
Let l = -383 - -774. Let m = -193 + l. Calculate the greatest common factor of m and 22.
22
Let b = -23206 - -29445. What is the greatest common divisor of 17 and b?
17
Let l = 7269 + -357. Calculate the highest common divisor of l and 16.
16
Let m(o) = 49*o**2 - 973*o - 16. Let j be m(20). Calculate the greatest common factor of 16244 and j.
124
Let p(s) = 109*s - 517. Let q be p(19). Calculate the highest common divisor of 56 and q.
14
Suppose 3*x - 71 = 1. Suppose 7*b = b + x. Let c be 5 + (-15)/(-17) + 18/153. What is the highest common divisor of c and b?
2
Let w = 4104 + -4084. Suppose -15 - 40 = -3*l - 5*g, 5*l - 3*g = 35. Calculate the highest common divisor of l and w.
10
Let j be (-2)/6*-1 + 3393/27. Let t = -6 + 14. Let l(i) = -i**2 + 9*i + 6. Let f be l(t). What is the highest common divisor of f and j?
14
Let k = 1266 - 1263. Let a(s) be the third derivative of -s**4/24 + s**3/2 + 3*s**2. Let j be a(-12). Calculate the highest common divisor of k and j.
3
Suppose -q + 6*q = -p - 1048, 2*p = 2*q + 412. Let w be (-6543)/(-11) - 38/q. What is the highest common factor of w and 70?
35
Let y(h) = 4*h**2 - 8*h - 16. Suppose -p + 99 = 104. Let j be y(p). Let b = 23 + 8. Calculate the highest common divisor of j and b.
31
Let o(z) = z**2 + 5*z + 4. Let u be o(-3). Let w be (-120)/(-3)*1/(u/11). Let d be 32/(w/(-231) - 2/7). Calculate the greatest common factor of 16 and d.
16
Let k be (96/(-14))/(20/(-70)). Let r